{"id":2,"date":"2026-04-17T01:57:36","date_gmt":"2026-04-17T01:57:36","guid":{"rendered":"https:\/\/somosbestiarii.com\/?page_id=2"},"modified":"2026-04-17T17:22:27","modified_gmt":"2026-04-17T17:22:27","slug":"kaizen-academy","status":"publish","type":"page","link":"https:\/\/somosbestiarii.com\/index.php\/kaizen-academy\/","title":{"rendered":"Kaizen Academy"},"content":{"rendered":"\n<p>En Kaizen Academy creemos que el crecimiento real no ocurre de la noche a la ma\u00f1ana, sino a trav\u00e9s de peque\u00f1as mejoras constantes que, con el tiempo, generan grandes resultados.<\/p>\n\n\n\n<p>Este es un espacio de formaci\u00f3n dise\u00f1ado para m\u00fasicos que desean avanzar de manera consciente, s\u00f3lida y sostenible. Aqu\u00ed no solo aprender\u00e1s t\u00e9cnica, sino tambi\u00e9n herramientas pr\u00e1cticas para desarrollar disciplina, enfoque, mentalidad y conexi\u00f3n emocional con tu proceso art\u00edstico.<\/p>\n\n\n\n<p>Nuestros programas combinan educaci\u00f3n musical, desarrollo personal e inteligencia emocional, para ayudarte a superar bloqueos, disfrutar m\u00e1s tu camino y convertirte en un m\u00fasico m\u00e1s completo.<\/p>\n\n\n\n<p>No se trata solo de tocar mejor.<br>Se trata de evolucionar como artista y como persona.<\/p>\n\n\n\n<p><\/p>\n","protected":false},"excerpt":{"rendered":"<p>En Kaizen Academy creemos que el crecimiento real no ocurre de la noche a la ma\u00f1ana, sino a trav\u00e9s de peque\u00f1as mejoras constantes que, con el tiempo, generan grandes resultados. Este es un espacio de formaci\u00f3n dise\u00f1ado para m\u00fasicos que desean avanzar de manera consciente, s\u00f3lida y sostenible. Aqu\u00ed no solo aprender\u00e1s t\u00e9cnica, sino tambi\u00e9n [&hellip;]<\/p>\n","protected":false},"author":1,"featured_media":0,"parent":0,"menu_order":2,"comment_status":"closed","ping_status":"closed","template":"","meta":{"footnotes":""},"class_list":["post-2","page","type-page","status-publish","hentry"],"yoast_head":"<!-- This site is optimized with the Yoast SEO plugin v27.4 - https:\/\/yoast.com\/product\/yoast-seo-wordpress\/ -->\n<title>Kaizen Academy - Somos Bestiarii<\/title>\n<meta name=\"robots\" content=\"index, follow, max-snippet:-1, max-image-preview:large, max-video-preview:-1\" \/>\n<link rel=\"canonical\" href=\"https:\/\/somosbestiarii.com\/index.php\/kaizen-academy\/\" \/>\n<meta property=\"og:locale\" content=\"es_ES\" \/>\n<meta property=\"og:type\" content=\"article\" \/>\n<meta property=\"og:title\" content=\"Kaizen Academy - Somos Bestiarii\" \/>\n<meta property=\"og:description\" content=\"En Kaizen Academy creemos que el crecimiento real no ocurre de la noche a la ma\u00f1ana, sino a trav\u00e9s de peque\u00f1as mejoras constantes que, con el tiempo, generan grandes resultados. Este es un espacio de formaci\u00f3n dise\u00f1ado para m\u00fasicos que desean avanzar de manera consciente, s\u00f3lida y sostenible. Aqu\u00ed no solo aprender\u00e1s t\u00e9cnica, sino tambi\u00e9n [&hellip;]\" \/>\n<meta property=\"og:url\" content=\"https:\/\/somosbestiarii.com\/index.php\/kaizen-academy\/\" \/>\n<meta property=\"og:site_name\" content=\"Somos Bestiarii\" \/>\n<meta property=\"article:modified_time\" content=\"2026-04-17T17:22:27+00:00\" \/>\n<meta name=\"twitter:card\" content=\"summary_large_image\" \/>\n<meta name=\"twitter:label1\" content=\"Tiempo de lectura\" \/>\n\t<meta name=\"twitter:data1\" content=\"1 minuto\" \/>\n<script type=\"application\/ld+json\" class=\"yoast-schema-graph\">{\"@context\":\"https:\\\/\\\/schema.org\",\"@graph\":[{\"@type\":\"WebPage\",\"@id\":\"https:\\\/\\\/somosbestiarii.com\\\/index.php\\\/kaizen-academy\\\/\",\"url\":\"https:\\\/\\\/somosbestiarii.com\\\/index.php\\\/kaizen-academy\\\/\",\"name\":\"Kaizen Academy - Somos Bestiarii\",\"isPartOf\":{\"@id\":\"https:\\\/\\\/somosbestiarii.com\\\/#website\"},\"datePublished\":\"2026-04-17T01:57:36+00:00\",\"dateModified\":\"2026-04-17T17:22:27+00:00\",\"breadcrumb\":{\"@id\":\"https:\\\/\\\/somosbestiarii.com\\\/index.php\\\/kaizen-academy\\\/#breadcrumb\"},\"inLanguage\":\"es\",\"potentialAction\":[{\"@type\":\"ReadAction\",\"target\":[\"https:\\\/\\\/somosbestiarii.com\\\/index.php\\\/kaizen-academy\\\/\"]}]},{\"@type\":\"BreadcrumbList\",\"@id\":\"https:\\\/\\\/somosbestiarii.com\\\/index.php\\\/kaizen-academy\\\/#breadcrumb\",\"itemListElement\":[{\"@type\":\"ListItem\",\"position\":1,\"name\":\"Portada\",\"item\":\"https:\\\/\\\/somosbestiarii.com\\\/\"},{\"@type\":\"ListItem\",\"position\":2,\"name\":\"Kaizen Academy\"}]},{\"@type\":\"WebSite\",\"@id\":\"https:\\\/\\\/somosbestiarii.com\\\/#website\",\"url\":\"https:\\\/\\\/somosbestiarii.com\\\/\",\"name\":\"Somos Bestiarii\",\"description\":\"\u00a1Tu transformaci\u00f3n musical comienza aqu\u00ed!\",\"publisher\":{\"@id\":\"https:\\\/\\\/somosbestiarii.com\\\/#organization\"},\"potentialAction\":[{\"@type\":\"SearchAction\",\"target\":{\"@type\":\"EntryPoint\",\"urlTemplate\":\"https:\\\/\\\/somosbestiarii.com\\\/?s={search_term_string}\"},\"query-input\":{\"@type\":\"PropertyValueSpecification\",\"valueRequired\":true,\"valueName\":\"search_term_string\"}}],\"inLanguage\":\"es\"},{\"@type\":\"Organization\",\"@id\":\"https:\\\/\\\/somosbestiarii.com\\\/#organization\",\"name\":\"Somos Bestiarii\",\"url\":\"https:\\\/\\\/somosbestiarii.com\\\/\",\"logo\":{\"@type\":\"ImageObject\",\"inLanguage\":\"es\",\"@id\":\"https:\\\/\\\/somosbestiarii.com\\\/#\\\/schema\\\/logo\\\/image\\\/\",\"url\":\"https:\\\/\\\/somosbestiarii.com\\\/wp-content\\\/uploads\\\/2026\\\/04\\\/logo-sb-scaled-e1776397407322.png\",\"contentUrl\":\"https:\\\/\\\/somosbestiarii.com\\\/wp-content\\\/uploads\\\/2026\\\/04\\\/logo-sb-scaled-e1776397407322.png\",\"width\":2082,\"height\":858,\"caption\":\"Somos Bestiarii\"},\"image\":{\"@id\":\"https:\\\/\\\/somosbestiarii.com\\\/#\\\/schema\\\/logo\\\/image\\\/\"}}]}<\/script>\n<!-- \/ Yoast SEO plugin. -->","yoast_head_json":{"title":"Kaizen Academy - Somos Bestiarii","robots":{"index":"index","follow":"follow","max-snippet":"max-snippet:-1","max-image-preview":"max-image-preview:large","max-video-preview":"max-video-preview:-1"},"canonical":"https:\/\/somosbestiarii.com\/index.php\/kaizen-academy\/","og_locale":"es_ES","og_type":"article","og_title":"Kaizen Academy - Somos Bestiarii","og_description":"En Kaizen Academy creemos que el crecimiento real no ocurre de la noche a la ma\u00f1ana, sino a trav\u00e9s de peque\u00f1as mejoras constantes que, con el tiempo, generan grandes resultados. Este es un espacio de formaci\u00f3n dise\u00f1ado para m\u00fasicos que desean avanzar de manera consciente, s\u00f3lida y sostenible. Aqu\u00ed no solo aprender\u00e1s t\u00e9cnica, sino tambi\u00e9n [&hellip;]","og_url":"https:\/\/somosbestiarii.com\/index.php\/kaizen-academy\/","og_site_name":"Somos Bestiarii","article_modified_time":"2026-04-17T17:22:27+00:00","twitter_card":"summary_large_image","twitter_misc":{"Tiempo de lectura":"1 minuto"},"schema":{"@context":"https:\/\/schema.org","@graph":[{"@type":"WebPage","@id":"https:\/\/somosbestiarii.com\/index.php\/kaizen-academy\/","url":"https:\/\/somosbestiarii.com\/index.php\/kaizen-academy\/","name":"Kaizen Academy - Somos Bestiarii","isPartOf":{"@id":"https:\/\/somosbestiarii.com\/#website"},"datePublished":"2026-04-17T01:57:36+00:00","dateModified":"2026-04-17T17:22:27+00:00","breadcrumb":{"@id":"https:\/\/somosbestiarii.com\/index.php\/kaizen-academy\/#breadcrumb"},"inLanguage":"es","potentialAction":[{"@type":"ReadAction","target":["https:\/\/somosbestiarii.com\/index.php\/kaizen-academy\/"]}]},{"@type":"BreadcrumbList","@id":"https:\/\/somosbestiarii.com\/index.php\/kaizen-academy\/#breadcrumb","itemListElement":[{"@type":"ListItem","position":1,"name":"Portada","item":"https:\/\/somosbestiarii.com\/"},{"@type":"ListItem","position":2,"name":"Kaizen Academy"}]},{"@type":"WebSite","@id":"https:\/\/somosbestiarii.com\/#website","url":"https:\/\/somosbestiarii.com\/","name":"Somos Bestiarii","description":"\u00a1Tu transformaci\u00f3n musical comienza aqu\u00ed!","publisher":{"@id":"https:\/\/somosbestiarii.com\/#organization"},"potentialAction":[{"@type":"SearchAction","target":{"@type":"EntryPoint","urlTemplate":"https:\/\/somosbestiarii.com\/?s={search_term_string}"},"query-input":{"@type":"PropertyValueSpecification","valueRequired":true,"valueName":"search_term_string"}}],"inLanguage":"es"},{"@type":"Organization","@id":"https:\/\/somosbestiarii.com\/#organization","name":"Somos Bestiarii","url":"https:\/\/somosbestiarii.com\/","logo":{"@type":"ImageObject","inLanguage":"es","@id":"https:\/\/somosbestiarii.com\/#\/schema\/logo\/image\/","url":"https:\/\/somosbestiarii.com\/wp-content\/uploads\/2026\/04\/logo-sb-scaled-e1776397407322.png","contentUrl":"https:\/\/somosbestiarii.com\/wp-content\/uploads\/2026\/04\/logo-sb-scaled-e1776397407322.png","width":2082,"height":858,"caption":"Somos Bestiarii"},"image":{"@id":"https:\/\/somosbestiarii.com\/#\/schema\/logo\/image\/"}}]}},"_links":{"self":[{"href":"https:\/\/somosbestiarii.com\/index.php\/wp-json\/wp\/v2\/pages\/2","targetHints":{"allow":["GET"]}}],"collection":[{"href":"https:\/\/somosbestiarii.com\/index.php\/wp-json\/wp\/v2\/pages"}],"about":[{"href":"https:\/\/somosbestiarii.com\/index.php\/wp-json\/wp\/v2\/types\/page"}],"author":[{"embeddable":true,"href":"https:\/\/somosbestiarii.com\/index.php\/wp-json\/wp\/v2\/users\/1"}],"replies":[{"embeddable":true,"href":"https:\/\/somosbestiarii.com\/index.php\/wp-json\/wp\/v2\/comments?post=2"}],"version-history":[{"count":1,"href":"https:\/\/somosbestiarii.com\/index.php\/wp-json\/wp\/v2\/pages\/2\/revisions"}],"predecessor-version":[{"id":23,"href":"https:\/\/somosbestiarii.com\/index.php\/wp-json\/wp\/v2\/pages\/2\/revisions\/23"}],"wp:attachment":[{"href":"https:\/\/somosbestiarii.com\/index.php\/wp-json\/wp\/v2\/media?parent=2"}],"curies":[{"name":"wp","href":"https:\/\/api.w.org\/{rel}","templated":true}]}}